ulate the remainder when 55 is divided by 41.
14
Calculate the remainder when 505 is divided by 23.
22
What is the remainder when 1022 is divided by 11?
10
What is the remainder when 1739 is divided by 40?
19
What is the remainder when 538 is divided by 220?
98
Calculate the remainder when 2250 is divided by 87.
75
What is the remainder when 3711 is divided by 1850?
11
What is the remainder when 233 is divided by 20?
13
Calculate the remainder when 5490 is divided by 7.
2
Calculate the remainder when 181 is divided by 23.
20
What is the remainder when 3054 is divided by 17?
11
Calculate the remainder when 520 is divided by 64.
8
What is the remainder when 8097 is divided by 36?
33
Calculate the remainder when 1740 is divided by 579.
3
Calculate the remainder when 49 is divided by 5.
4
Calculate the remainder when 1227 is divided by 599.
29
Calculate the remainder when 752 is divided by 26.
24
Calculate the remainder when 134 is divided by 3.
2
What is the remainder when 6041 is divided by 126?
119
What is the remainder when 93 is divided by 33?
27
Calculate the remainder when 320 is divided by 52.
8
Calculate the remainder when 203 is divided by 30.
23
Calculate the remainder when 1109 is divided by 3.
2
Calculate the remainder when 169 is divided by 31.
14
Calculate the remainder when 525 is divided by 11.
8
What is the remainder when 346 is divided by 166?
14
What is the remainder when 19 is divided by 11?
8
Calculate the remainder when 36370 is divided by 28.
26
What is the remainder when 115 is divided by 18?
7
What is the remainder when 301 is divided by 57?
16
What is the remainder when 98 is divided by 62?
36
Calculate the remainder when 125 is divided by 30.
5
What is the remainder when 507 is divided by 102?
99
What is the remainder when 148 is divided by 52?
44
What is the remainder when 249 is divided by 226?
23
What is the remainder when 681 is divided by 252?
177
What is the remainder when 251 is divided by 12?
11
What is the remainder when 374 is divided by 27?
23
What is the remainder when 87 is divided by 10?
7
What is the remainder when 641 is divided by 208?
17
Calculate the remainder when 622 is divided by 64.
46
What is the remainder when 647 is divided by 36?
35
What is the remainder when 85 is divided by 7?
1
Calculate the remainder when 65909 is divided by 22.
19
Calculate the remainder when 321 is divided by 44.
13
What is the remainder when 2138 is divided by 31?
30
What is the remainder when 1341 is divided by 12?
9
Calculate the remainder when 265 is divided by 90.
85
Calculate the remainder when 119 is divided by 114.
5
What is the remainder when 246 is divided by 69?
39
What is the remainder when 7991 is divided by 54?
53
Calculate the remainder when 250 is divided by 65.
55
Calculate the remainder when 638 is divided by 20.
18
Calculate the remainder when 160 is divided by 12.
4
What is the remainder when 57 is divided by 24?
9
Calculate the remainder when 531 is divided by 524.
7
What is the remainder when 557 is divided by 35?
32
What is the remainder when 1149 is divided by 565?
19
What is the remainder when 274 is divided by 20?
14
Calculate the remainder when 39 is divided by 28.
11
What is the remainder when 1019 is divided by 15?
14
What is the remainder when 2365 is divided by 91?
90
Calculate the remainder when 1342 is divided by 41.
30
Calculate the remainder when 239 is divided by 20.
19
What is the remainder when 2167 is divided by 11?
0
What is the remainder when 1380 is divided by 67?
40
What is the remainder when 754 is divided by 726?
28
Calculate the remainder when 102 is divided by 40.
22
What is the remainder when 688 is divided by 53?
52
Calculate the remainder when 5687 is divided by 100.
87
What is the remainder when 207 is divided by 72?
63
Calculate the remainder when 1298 is divided by 50.
48
Calculate the remainder when 2434 is divided by 28.
26
Calculate the remainder when 50 is divided by 11.
6
Calculate the remainder when 154 is divided by 35.
14
What is the remainder when 137 is divided by 51?
35
What is the remainder when 3084 is divided by 100?
84
Calculate the remainder when 529 is divided by 7.
4
Calculate the remainder when 941 is divided by 182.
31
Calculate the remainder when 2648 is divided by 53.
51
What is the remainder when 743 is divided by 264?
215
Calculate the remainder when 380 is divided by 33.
17
What is the remainder when 3510 is divided by 175?
10
What is the remainder when 316 is divided by 56?
36
Calculate the remainder when 767 is divided by 48.
47
What is the remainder when 260 is divided by 11?
7
Calculate the remainder when 571 is divided by 124.
75
Calculate the remainder when 74 is divided by 72.
2
What is the remainder when 318 is divided by 80?
78
What is the remainder when 399 is divided by 134?
131
What is the remainder when 1271 is divided by 6?
5
Calculate the remainder when 93 is divided by 19.
17
What is the remainder when 420 is divided by 410?
10
What is the remainder when 373 is divided by 67?
38
Calculate the remainder when 698 is divided by 176.
170
Calculate the remainder when 568 is divided by 295.
273
Calculate the remainder when 1533 is divided by 32.
29
Calculate the remainder when 104 is divided by 31.
11
What is the remainder when 916 is divided by 223?
24
What is the remainder when 122 is divided by 17?
3
What is the remainder when 3806 is divided by 56?
54
What is the remainder when 291 is divided by 62?
43
Calculate the remainder when 2449 is divided by 351.
343
Calculate the remainder when 1199 is divided by 46.
3
Calculate the remainder when 346 is divided by 19.
4
Calculate the remainder when 1022 is divided by 148.
134
Calculate the remainder when 19 is divided by 5.
4
What is the remainder when 1259 is divided by 41?
29
What is the remainder when 93 is divided by 47?
46
What is the remainder when 97 is divided by 14?
13
What is the remainder when 6843 is divided by 185?
183
Calculate the remainder when 2091 is divided by 121.
34
What is the remainder when 92 is divided by 24?
20
Calculate the remainder when 204 is divided by 70.
64
Calculate the remainder when 7437 is divided by 266.
255
What is the remainder when 592 is divided by 151?
139
Calculate the remainder when 62 is divided by 58.
4
What is the remainder when 596 is divided by 40?
36
Calculate the remainder when 74 is divided by 7.
4
What is the remainder when 544 is divided by 286?
258
Calculate the remainder when 2166 is divided by 10.
6
What is the remainder when 583 is divided by 65?
63
What is the remainder when 126 is divided by 8?
6
Calculate the remainder when 1202 is divided by 242.
234
Calculate the remainder when 219 is divided by 65.
24
Calculate the remainder when 548 is divided by 147.
107
What is the remainder when 1719 is divided by 82?
79
What is the remainder when 766 is divided by 64?
62
What is the remainder when 126 is divided by 55?
16
What is the remainder when 1952 is divided by 645?
17
What is the remainder when 79 is divided by 35?
9
Calculate the remainder when 507 is divided by 9.
3
What is the remainder when 1097 is divided by 70?
47
Calculate the remainder when 93 is divided by 59.
34
What is the remainder when 2476 is divided by 250?
226
Calculate the remainder when 1643 is divided by 35.
33
Calculate the remainder when 835 is divided by 44.
43
What is the remainder when 204 is divided by 108?
96
Calculate the remainder when 423 is divided by 83.
8
Calculate the remainder when 281 is divided by 40.
1
What is the remainder when 128 is divided by 33?
29
Calculate the remainder when 437 is divided by 22.
19
What is the remainder when 522 is divided by 7?
4
What is the remainder when 478 is divided by 6?
4
Calculate the remainder when 1434 is divided by 716.
2
What is the remainder when 267 is divided by 15?
12
What is the remainder when 23 is divided by 15?
8
Calculate the remainder when 11693 is divided by 234.
227
What is the remainder when 502 is divided by 23?
19
Calculate the remainder when 201 is divided by 17.
14
What is the remainder when 861 is divided by 35?
21
Calculate the remainder when 142 is divided by 68.
6
Calculate the remainder when 1216 is divided by 1.
0
What is the remainder when 974 is divided by 13?
12
What is the 